 of 11609142?
1
What is the hundred millions digit of 559234764?
5
What is the tens digit of 43370140?
4
What is the tens digit of 1091296737?
3
What is the units digit of 2963783024?
4
What is the tens digit of 25898327?
2
What is the ten thousands digit of 1324058025?
5
What is the ten millions digit of 28719787?
2
What is the hundreds digit of 44802699?
6
What is the hundreds digit of 4595284638?
6
What is the millions digit of 2732752712?
2
What is the tens digit of 213395597?
9
What is the thousands digit of 93188972?
8
What is the ten thousands digit of 25877900?
7
What is the millions digit of 982135659?
2
What is the hundred thousands digit of 30373528?
3
What is the thousands digit of 1002071050?
1
What is the hundred thousands digit of 22786306?
7
What is the ten millions digit of 95552050?
9
What is the millions digit of 416871353?
6
What is the hundred thousands digit of 73329868?
3
What is the hundreds digit of 509622080?
0
What is the tens digit of 44719539?
3
What is the tens digit of 87380694?
9
What is the hundred thousands digit of 125383193?
3
What is the units digit of 1017001539?
9
What is the hundred thousands digit of 679735403?
7
What is the ten millions digit of 672225983?
7
What is the millions digit of 800860362?
0
What is the thousands digit of 2093097880?
7
What is the thousands digit of 6554272?
4
What is the tens digit of 151984023?
2
What is the hundred thousands digit of 208331508?
3
What is the hundreds digit of 46891314?
3
What is the ten millions digit of 330072272?
3
What is the ten millions digit of 66574610?
6
What is the millions digit of 99193291?
9
What is the thousands digit of 4546344?
6
What is the ten thousands digit of 160637011?
3
What is the thousands digit of 516613162?
3
What is the thousands digit of 45820734?
0
What is the ten millions digit of 110766303?
1
What is the hundred thousands digit of 8320811?
3
What is the hundred thousands digit of 8693523?
6
What is the ten millions digit of 370867221?
7
What is the thousands digit of 94399122?
9
What is the hundreds digit of 526763437?
4
What is the ten millions digit of 308124428?
0
What is the millions digit of 4472876903?
2
What is the ten thousands digit of 461762416?
6
What is the tens digit of 48094574?
7
What is the units digit of 6207394854?
4
What is the billions digit of 2610394973?
2
What is the units digit of 1014532288?
8
What is the ten thousands digit of 14653565?
5
What is the units digit of 644072844?
4
What is the hundred millions digit of 422938593?
4
What is the thousands digit of 548316925?
6
What is the billions digit of 1441117278?
1
What is the millions digit of 16637239?
6
What is the hundreds digit of 182019964?
9
What is the units digit of 41084741?
1
What is the thousands digit of 732411315?
1
What is the ten thousands digit of 33945737?
4
What is the hundred millions digit of 462824669?
4
What is the millions digit of 364259916?
4
What is the hundreds digit of 53412381?
3
What is the hundred millions digit of 4428580388?
4
What is the millions digit of 219492325?
9
What is the ten millions digit of 600719736?
0
What is the hundreds digit of 1203246623?
6
What is the thousands digit of 49358089?
8
What is the millions digit of 197361754?
7
What is the tens digit of 417248267?
6
What is the millions digit of 491167454?
1
What is the ten millions digit of 2311789936?
1
What is the thousands digit of 35553048?
3
What is the units digit of 290663606?
6
What is the ten thousands digit of 1615120590?
2
What is the tens digit of 43351816?
1
What is the thousands digit of 24109317?
9
What is the hundred millions digit of 3747431112?
7
What is the units digit of 11388759?
9
What is the hundred millions digit of 399988675?
3
What is the ten millions digit of 6819027465?
1
What is the tens digit of 166620131?
3
What is the ten millions digit of 413094005?
1
What is the ten thousands digit of 156976409?
7
What is the hundred thousands digit of 32441282?
4
What is the ten thousands digit of 3930176109?
7
What is the hundred thousands digit of 4449992234?
9
What is the thousands digit of 17130850?
0
What is the units digit of 381950055?
5
What is the ten millions digit of 971103200?
7
What is the hundred thousands digit of 354783279?
7
What is the tens digit of 230655356?
5
What is the hundred thousands digit of 20099275?
0
What is the thousands digit of 356828432?
8
What is the thousands digit of 20339959?
9
What is the tens digit of 1713414589?
8
What is the hundred thousands digit of 284041313?
0
What is the hundreds digit of 28837126?
1
What is the units digit of 513522104?
4
What is the hundred thousands digit of 63719436?
7
What is the hundred millions digit of 284413214?
2
What is the ten thousands digit of 2046816652?
1
What is the millions digit of 167268744?
7
What is the units digit of 13760573?
3
What is the hundred thousands digit of 6681049?
6
What is the ten thousands digit of 5108866794?
6
What is the millions digit of 206555701?
6
What is the ten thousands digit of 43599432?
9
What is the millions digit of 251151793?
1
What is the hundreds digit of 86001049?
0
What is the millions digit of 5272978438?
2
What is the units digit of 58387924?
4
What is the thousands digit of 154700861?
0
What is the tens digit of 7045180371?
7
What is the thousands digit of 305693630?
3
What is the hundreds digit of 254641536?
5
What is the ten millions digit of 745445568?
4
What is the hundreds digit of 73692390?
3
What is the millions digit of 404302565?
4
What is the hundred millions digit of 2725029148?
7
What is the hundred thousands digit of 569197157?
1
What is the tens digit of 469240860?
6
What is the hundred millions digit of 1866997384?
8
What is the millions digit of 114073459?
4
What is the ten thousands digit of 18951472?
5
What is the hundred millions digit of 378423860?
3
What is the hundred thousands digit of 39341314?
3
What is the units digit of 1581387046?
6
What is the ten thousands digit of 293194648?
9
What is the hundred millions digit of 227492833?
2
What is the millions digit of 46273520?
6
What is the tens digit of 221595132?
3
What is the ten millions digit of 65961171?
6
What is the ten thousands digit of 134584483?
8
What is the millions digit of 33710640?
3
What is the hundred millions digit of 170109817?
1
What is the tens digit of 67421008?
0
What is the tens digit of 161816285?
8
What is the billions digit of 1452504289?
1
What is the thousands digit of 2114383434?
3
What is the millions digit of 195400773?
5
What is the ten thousands digit of 38286290?
8
What is the ten thousands digit of 17786917?
8
What is the units digit of 996037637?
7
What is the thousands digit of 1113647383?
7
What is the millions digit of 1072791739?
2
What is the thousands digit of 34019418?
9
What is the thousands digit of 98301713?
1
What is the ten millions digit of 49535382?
4
What is the ten thousands digit of 20693473?
9
What is the millions digit of 5297555115?
7
What is the hundreds digit of 2531103732?
7
What is the units digit of 3286871383?
3
What is the millions digit of 47065883?
7
What is the hundred thousands digit of 1414092?
4
What is the thousands digit of 246343155?
3
What is the thousands digit of 40020675?
0
What is the millions digit of 8321593?
8
What is the ten millions digit of 184038233?
8
What is the thousands digit of 493023826?
3
What is the millions digit of 121958185?
1
What is the ten thousands digit of 357924587?
2
What is the hundreds digit of 13605351?
3
What is the tens digit of 5455957087?
8
What is the ten thousands digit of 194915834?
1
What is the thousands digit of 115561622?
1
What is the ten thousands digit of 145275866?
7
What is the ten thousands digit of 37392410?
9
What is the units digit of 1749562861?
1
What is the hundreds digit of 499090363?
3
What is the hundreds digit of 200027962?
9
What is the hundred thousands digit of 120758830?
7
What is the ten thousands digit of 4488027381?
2
What is the hundred thousands digit of 21038796?
0
What is the ten thousands digit of 590748023?
4
What is the units digit of 48771819?
9
What is the ten millions digit of 112635382?
1
What is the millions digit of 37223657?
7
What is the thousands digit of 57575584?
5
What is the ten th